{"id":156,"date":"2020-06-30T17:10:53","date_gmt":"2020-06-30T15:10:53","guid":{"rendered":"http:\/\/pierreducommerce.fr\/?page_id=156"},"modified":"2022-06-28T16:30:49","modified_gmt":"2022-06-28T14:30:49","slug":"cup-tentations","status":"publish","type":"page","link":"https:\/\/pierreducommerce.fr\/?page_id=156","title":{"rendered":"CUP TENTATIONS"},"content":{"rendered":"\n<p><strong><u>NOS GLACES \u00abTENTATION\u00bb:<\/u><\/strong><strong>&nbsp;&nbsp;&nbsp;&nbsp;9,00\u20ac&nbsp;&nbsp;&nbsp;&nbsp;&nbsp;&nbsp;&nbsp;&nbsp;&nbsp;&nbsp;&nbsp;&nbsp;&nbsp;&nbsp;&nbsp;&nbsp;&nbsp;&nbsp;&nbsp;&nbsp;&nbsp;&nbsp;&nbsp;&nbsp;&nbsp;&nbsp;&nbsp;&nbsp;&nbsp;&nbsp;&nbsp;&nbsp;&nbsp;&nbsp;&nbsp;&nbsp;&nbsp;&nbsp;&nbsp;&nbsp;&nbsp;&nbsp;&nbsp;&nbsp;&nbsp;&nbsp;&nbsp;&nbsp;&nbsp;&nbsp;&nbsp;&nbsp;&nbsp;&nbsp;&nbsp;&nbsp;&nbsp;&nbsp;&nbsp;&nbsp;&nbsp;&nbsp;&nbsp;&nbsp;&nbsp;&nbsp;&nbsp;&nbsp;&nbsp;&nbsp;<\/strong><\/p>\n\n\n\n<p><strong>Coupe du Baou:<\/strong> vanilla ice-cream, chestnut cream, whipped cream<\/p>\n\n\n\n<p><strong>Coupe After-eight: <\/strong>vanilla and mint ice-cream, chocolate sauce, after-eight, whipped cream<\/p>\n\n\n\n<p><strong>Coupe Corentine&nbsp;: <\/strong>coconut, raspberry and chocolate ice-cream, chocolate sauce, whipped cream , rocher \u00e0 la noix de coco<\/p>\n\n\n\n<p><strong>Coupe&nbsp;Borabora: <\/strong>raspberry, coconut and mango ice-cream, vanilla sirop , whipped cream, palmito<\/p>\n\n\n\n<p><strong>Coupe Toffee:<\/strong> vanilla caramel and coffee ice-cream, whipped cream, sauce caramel au beurre sal\u00e9, sp\u00e9culoos&nbsp;&nbsp;&nbsp;&nbsp;&nbsp;&nbsp;&nbsp;&nbsp;&nbsp;&nbsp;&nbsp;&nbsp;&nbsp;&nbsp;&nbsp;&nbsp;&nbsp;&nbsp;&nbsp;&nbsp;&nbsp;&nbsp;&nbsp;&nbsp;&nbsp;&nbsp;&nbsp;&nbsp;&nbsp;&nbsp;&nbsp;&nbsp;&nbsp;&nbsp;&nbsp;&nbsp;&nbsp;&nbsp;&nbsp;&nbsp;&nbsp;&nbsp;&nbsp;&nbsp;&nbsp;&nbsp;&nbsp;&nbsp;&nbsp;&nbsp;&nbsp;&nbsp;&nbsp;&nbsp;&nbsp;&nbsp;&nbsp;&nbsp;&nbsp;&nbsp;&nbsp;&nbsp;&nbsp;&nbsp;&nbsp;&nbsp;&nbsp;&nbsp;&nbsp;&nbsp;&nbsp; &nbsp;&nbsp;&nbsp;&nbsp;&nbsp;&nbsp;&nbsp;&nbsp;&nbsp;<\/p>\n\n\n\n<p><strong>La &#8220;Giulietta&#8221;<\/strong>: Big chocolate macaron, mint and raspberry ice-cream, chocolate sauce, whipped cream<\/p>\n\n\n\n<p><strong>Coupe \u00ab&nbsp;hip hip hooray&nbsp;\u00bb&nbsp;: <\/strong>vanilla ice cream, nutella, whipped cream<\/p>\n\n\n\n<p><strong>Coupe \u00c9cureuil:<\/strong> caramel fleur de sel, pistachio and cinnamon ice-cream, hazelnut sirop, biscuits sabl\u00e9s, whipped cream<\/p>\n\n\n\n<p><strong>Coupe Mandoline :<\/strong> rhum-raisin, pistachio et apricot, whipped cream, vanilla cream, biscuits amaretti<\/p>\n\n\n\n<p><strong>Coupe Jama\u00efque :<\/strong> banana, rhum-raisins and pistachio ice-cream, banana fruit, coffee sauce, whipped cream<\/p>\n\n\n\n<p><strong>L&#8217;Ivana:<\/strong> &#8220;brioche-pain perdu&#8221;, coffee and caramel ice-cream, whipped cream, caramel sauce<\/p>\n\n\n\n<p><strong>Coupe bretonne:<\/strong> vanilla and caramel au beurre sal\u00e9 ice-cream, sabl\u00e9s breton,&nbsp; caramel au beurre sal\u00e9 sauce, whipped cream<\/p>\n\n\n\n<p><strong>Coupe&nbsp; des Alpilles: <\/strong>caramel fleur de sel, apricot and blackcurrant ice-cream, honey, apricot fruit, whipped cream<strong>&nbsp;&nbsp;&nbsp;&nbsp;&nbsp;&nbsp;&nbsp;&nbsp;&nbsp;&nbsp;&nbsp;&nbsp;&nbsp;&nbsp;&nbsp;&nbsp;&nbsp;&nbsp;&nbsp;&nbsp;&nbsp;<\/strong><\/p>\n\n\n\n<p><strong>Cookie <\/strong><strong>Glac\u00e9 <\/strong><strong>:<\/strong> nougat, vanilla and chocolate ice-cream, whipped cream, chocolate sauce, biscuits cookies<\/p>\n\n\n\n<p><strong>Coupe Dolce Vita :<\/strong> cherry, cinnamon and nougat ice-cream, vanilla cream, whipped cream, biscuits amaretti, red fruit sauce&nbsp;&nbsp;&nbsp;&nbsp;&nbsp;&nbsp;&nbsp;&nbsp;&nbsp;&nbsp;&nbsp;&nbsp;&nbsp;&nbsp;&nbsp;&nbsp;&nbsp;&nbsp;&nbsp;&nbsp;&nbsp;&nbsp;&nbsp;&nbsp;&nbsp;&nbsp;&nbsp;&nbsp;&nbsp;&nbsp;&nbsp;&nbsp;&nbsp;&nbsp;&nbsp;&nbsp;&nbsp;&nbsp;&nbsp;&nbsp;&nbsp;&nbsp;&nbsp;&nbsp;&nbsp;&nbsp;&nbsp;&nbsp;&nbsp;&nbsp;<\/p>\n\n\n\n<p><strong>Coupe Smoothy: <\/strong>,raspberry, lime and mango ice-cream, strawberry juice,<img loading=\"lazy\" decoding=\"async\" width=\"128\" height=\"151\" src=\"\"><\/p>\n\n\n\n<p>&nbsp;whipped cream<\/p>\n\n\n\n<p><strong>Titi&#8217;s Burger: <\/strong>brioche burger, vanilla ice-cream, meringue, chocolate sauce, whipped cream<\/p>\n\n\n\n<p><strong>Burger Jessy James<\/strong>: brioche burger, vanilla and strawberry ice-cream, red fruit sauce, whipped cream<\/p>\n\n\n\n<p><strong>Coupe Pastille: <\/strong>mango, pistachio and strawberry ice-cream,<\/p>\n\n\n\n<p>3 macarons, whipped cream<\/p>\n\n\n\n<p><strong>Tatin Gourmande: <\/strong>tarte tatin , vanilla cream, whipped cream,<\/p>\n\n\n\n<p>1 cinnamon scoop<\/p>\n\n\n\n<p><strong>C\u0153ur Gourmand:<\/strong> c\u0153ur fondant chocolat, vanilla and nougat ice-cream, vanilla cream anglaise, whipped cream<\/p>\n\n\n\n<p><strong>Coupe Op\u00e9ra:<\/strong> coconut, chocolate and rhum-raisins ice-cream, whipped cream, chocolate sauce, rocher noix de coco<\/p>\n\n\n\n<p><strong>Coupe Farandole<\/strong>: small crepes, vanilla ice-cream, nutella, whipped cream<\/p>\n\n\n\n<p><\/p>\n\n\n\n<p><strong><u>NOS COUPES ALCOOLISEES:<\/u><\/strong><strong>&nbsp;&nbsp;&nbsp;&nbsp;&nbsp;&nbsp;&nbsp;&nbsp;&nbsp;&nbsp;&nbsp;&nbsp;&nbsp;&nbsp;&nbsp;&nbsp;&nbsp; &nbsp;&nbsp;&nbsp;&nbsp;&nbsp;&nbsp;&nbsp;&nbsp;&nbsp;&nbsp;&nbsp;&nbsp;&nbsp;&nbsp;&nbsp;&nbsp;&nbsp; 9.50 \u20ac<\/strong><\/p>\n\n\n\n<p><strong>Coupe Hawa\u00cf:<\/strong> coconut and lime ice-cream, dark rhum, whipped cream,<\/p>\n\n\n\n<p><strong>Coupe Cuba<\/strong>: mango and banana ice-cream, banana fruit, light rhum, whipped cream<\/p>\n\n\n\n<p><strong>Coupe Irish coffee<\/strong>: rhum-raisin and coffee ice-cream, whisky, whipped cream<\/p>\n\n\n\n<p><strong>Coupe Colonel<\/strong>: lime ice-cream, vodka<\/p>\n\n\n\n<p><strong>Coupe Mojito&nbsp;:<\/strong>, mint and lemon ice cream , light&nbsp; rhum, whipped cream<\/p>\n","protected":false},"excerpt":{"rendered":"<p>NOS GLACES \u00abTENTATION\u00bb:&nbsp;&nbsp;&nbsp;&nbsp;9,00\u20ac&nbsp;&nbsp;&nbsp;&nbsp;&nbsp;&nbsp;&nbsp;&nbsp;&nbsp;&nbsp;&nbsp;&nbsp;&nbsp;&nbsp;&nbsp;&nbsp;&nbsp;&nbsp;&nbsp;&nbsp;&nbsp;&nbsp;&nbsp;&nbsp;&nbsp;&nbsp;&nbsp;&nbsp;&nbsp;&nbsp;&nbsp;&nbsp;&nbsp;&nbsp;&nbsp;&nbsp;&nbsp;&nbsp;&nbsp;&nbsp;&nbsp;&nbsp;&nbsp;&nbsp;&nbsp;&nbsp;&nbsp;&nbsp;&nbsp;&nbsp;&nbsp;&nbsp;&nbsp;&nbsp;&nbsp;&nbsp;&nbsp;&nbsp;&nbsp;&nbsp;&nbsp;&nbsp;&nbsp;&nbsp;&nbsp;&nbsp;&nbsp;&nbsp;&nbsp;&nbsp; Coupe du Baou: vanilla ice-cream, chestnut cream, whipped cream Coupe After-eight: vanilla and mint ice-cream, chocolate sauce, after-eight, whipped cream Coupe Corentine&nbsp;: coconut, raspberry and chocolate ice-cream, chocolate sauce, whipped cream , rocher \u00e0 la noix de coco Coupe&nbsp;Borabora: raspberry, coconut and &hellip; <\/p>\n","protected":false},"author":1,"featured_media":0,"parent":0,"menu_order":0,"comment_status":"closed","ping_status":"closed","template":"","meta":{"footnotes":""},"class_list":["post-156","page","type-page","status-publish","hentry"],"_links":{"self":[{"href":"https:\/\/pierreducommerce.fr\/index.php?rest_route=\/wp\/v2\/pages\/156","targetHints":{"allow":["GET"]}}],"collection":[{"href":"https:\/\/pierreducommerce.fr\/index.php?rest_route=\/wp\/v2\/pages"}],"about":[{"href":"https:\/\/pierreducommerce.fr\/index.php?rest_route=\/wp\/v2\/types\/page"}],"author":[{"embeddable":true,"href":"https:\/\/pierreducommerce.fr\/index.php?rest_route=\/wp\/v2\/users\/1"}],"replies":[{"embeddable":true,"href":"https:\/\/pierreducommerce.fr\/index.php?rest_route=%2Fwp%2Fv2%2Fcomments&post=156"}],"version-history":[{"count":9,"href":"https:\/\/pierreducommerce.fr\/index.php?rest_route=\/wp\/v2\/pages\/156\/revisions"}],"predecessor-version":[{"id":411,"href":"https:\/\/pierreducommerce.fr\/index.php?rest_route=\/wp\/v2\/pages\/156\/revisions\/411"}],"wp:attachment":[{"href":"https:\/\/pierreducommerce.fr\/index.php?rest_route=%2Fwp%2Fv2%2Fmedia&parent=156"}],"curies":[{"name":"wp","href":"https:\/\/api.w.org\/{rel}","templated":true}]}}